{"id":30814,"date":"2023-02-04T11:54:05","date_gmt":"2023-02-04T10:54:05","guid":{"rendered":"https:\/\/car4rent.fr\/luxury-car-rental\/porsche-992-carrera-4s-cabriolet\/"},"modified":"2024-10-06T11:51:56","modified_gmt":"2024-10-06T09:51:56","slug":"louer-une-porsche-992","status":"publish","type":"product","link":"https:\/\/car4rent.fr\/fr\/luxury-car-rental\/louer-une-porsche-992\/","title":{"rendered":"Louer une Porsche 992"},"content":{"rendered":"<h2>Louer une Porsche 992<\/h2>\n<p>Chez Car4rent, vous pouvez louer une Porsche 992 \u00e0 un prix abordable, que ce soit pour une journ\u00e9e ou pour une location \u00e0 long terme. Quelle que soit l&rsquo;occasion, offrez-vous ce mod\u00e8le embl\u00e9matique et savourez l&rsquo;\u00e9motion de d\u00e9couvrir les routes c\u00f4ti\u00e8res de la C\u00f4te d&rsquo;Azur, le vent dans les cheveux. Le cabriolet Porsche 992 est l&rsquo;une des voitures de sport \u00e0 toit ouvert les plus maniables, avec un ch\u00e2ssis brillant et un moteur turbocompress\u00e9, combin\u00e9s \u00e0 un int\u00e9rieur 2+2 biplace de grande classe et \u00e0 un ext\u00e9rieur tr\u00e8s esth\u00e9tique. Les mod\u00e8les Porsche sont tr\u00e8s recherch\u00e9s.<\/p>\n<h2>Louer une Porsche 911<\/h2>\n<p>La Porsche 911 est une voiture de sport embl\u00e9matique, et la location d&rsquo;une Porsche 911 Carrera 992 4S Cabriolet vous met au volant d&rsquo;une incroyable supercar d\u00e9capotable au charme infini. La voiture se comporte brillamment, avec un \u00e9quilibre parfait et des niveaux d&rsquo;adh\u00e9rence incroyables. La Carrera 4S \u00e0 quatre roues motrices est dot\u00e9e d&rsquo;un puissant moteur de 3,0 litres d\u00e9veloppant 450 ch et con\u00e7u pour la conduite de tous les jours.<\/p>\n<h4>A la d\u00e9couverte de la C\u00f4te d&rsquo;Azur<\/h4>\n<p>La <a href=\"https:\/\/cotedazurfrance.fr\/decouvrir\/les-spots-incontournables\/top-12-des-lieux-incontournables-a-visiter-sur-la-cote-dazur\/\" target=\"_blank\" rel=\"noopener\">C\u00f4te d\u2019Azur<\/a> a toujours fait r\u00eaver. Que ce soit en France ou \u00e0 l\u2019\u00e9tranger, la French Riviera comme l\u2019appelle les anglo-saxons est r\u00e9put\u00e9e pour ses paysages, mais \u00e9galement pour son glamour. Elle inclut une grande partie de la r\u00e9gion Paca (Provence Alpes C\u00f4te d\u2019Azur), mais \u00e9galement la magnifique principaut\u00e9 de Monaco.<\/p>\n<p>Alors qu&rsquo;il s\u00e9journait dans sa villa azur\u00e9enne en 1887, c\u2019est un \u00e9crivain dijonnais qui d\u00e9cida de lui donner ce nom. C\u2019est en regardant la mer qu\u2019il eu l\u2019id\u00e9e d\u2019intituler son livre <em>C\u00f4te<\/em>, en hommage \u00e0 sa r\u00e9gion, la C\u00f4te-d\u2019Or, et\u00a0<em>d\u2019Azur<\/em>, dont la signification est \u00ab de couleur bleu \u00bb en h\u00e9raldique. Ce nom lui allait et lui va toujours comme un gant !<\/p>\n<div class=\"p402_premium\">\n<div class=\"container_widget\">\n<div class=\"bouton-voir-sidepanel\">\n<h4 class=\"widget-inside-intext\" data-dyg-affi-id=\"GenVoy\" data-dyg-id=\"widget-doyoogo-monu-1-cta\" data-dyg-category=\"cta\" data-dyg-type=\"link\" data-dyg-provider-ids=\"[]\" data-dyg-format=\"3\" data-dyg-custom-options=\"{ &quot;withSidePanel&quot;: true, &quot;class&quot;: &quot;bouton_dyg_inside&quot;, &quot;title&quot;: &quot;En voir plus&quot; }\" data-dyg-locale=\"fr\" data-dyg-currency-iso=\"EUR\" data-dyg-address=\"Cannes,France\" data-dyg-tag-ids=\"[]\" data-dyg-search=\"vol\">Parcourir le Boulevard de la Croisettte \u00e0 Cannes<\/h4>\n<\/div>\n<\/div>\n<p>Qui ne connait pas cette ville embl\u00e9matique et la Croisette ? Entre son festival, ses salons et ses nombreuses boutiques luxueuses, Cannes s&rsquo;est forg\u00e9e une fameuse r\u00e9putation. Cependant le luxe, les strass et les paillettes ne sont pas les seuls atouts de la cit\u00e9 baln\u00e9aire. Son littoral bord\u00e9 de restaurants de plage ainsi que son centre-ville vous feront vivre des moments inoiubliables. Vous prendrez plaisir \u00e0 vous balader en bord de mer ou dans les rues commer\u00e7antes du centre-ville. La vieille ville, appel\u00e9e \u00ab\u00a0le Suquet\u00a0\u00bb et son ch\u00e2teau est \u00e9galement tr\u00e8s agr\u00e9able \u00e0 visiter. Pour les adeptes du shopping, la ville offre \u00e9galement de nombreux atouts. De nombreuses boutiques y sont concentr\u00e9es<\/p>\n<\/div>\n<h3>Louer une Porsche 911 type 992 Carrera<\/h3>\n<p>Car4rent offre un niveau de service imbattable \u00e0 ses clients pour la location de voitures de prestige sur la C\u00f4te d&rsquo;Azur et la Riviera italienne dei Fiori entre Bordighera et Saint-Tropez. Notre \u00e9quipe amicale et comp\u00e9tente est pr\u00eate \u00e0 vous fournir un service qui r\u00e9ponde \u00e0 vos besoins.<\/p>\n<p>Vous souhaitez louer une porsche 911, n&rsquo;h\u00e9sitez pas \u00e0 faire appel \u00e0 notre \u00e9quipe.<\/p>\n","protected":false},"excerpt":{"rendered":"<p>Louer une Porsche 992 Cabriolet sur la C\u00f4te d&rsquo;Azur \u00e0 un prix abordable avec Car4rent.<\/p>\n","protected":false},"featured_media":30083,"comment_status":"open","ping_status":"closed","template":"","meta":{"_acf_changed":false},"product_brand":[],"product_cat":[5411,5406],"product_tag":[],"class_list":{"0":"post-30814","1":"product","2":"type-product","3":"status-publish","4":"has-post-thumbnail","6":"product_cat-decapotable","7":"product_cat-porsche-fr","9":"first","10":"instock","11":"shipping-taxable","12":"purchasable","13":"product-type-variable","14":"has-default-attributes"},"acf":[],"_links":{"self":[{"href":"https:\/\/car4rent.fr\/fr\/wp-json\/wp\/v2\/product\/30814","targetHints":{"allow":["GET"]}}],"collection":[{"href":"https:\/\/car4rent.fr\/fr\/wp-json\/wp\/v2\/product"}],"about":[{"href":"https:\/\/car4rent.fr\/fr\/wp-json\/wp\/v2\/types\/product"}],"replies":[{"embeddable":true,"href":"https:\/\/car4rent.fr\/fr\/wp-json\/wp\/v2\/comments?post=30814"}],"wp:featuredmedia":[{"embeddable":true,"href":"https:\/\/car4rent.fr\/fr\/wp-json\/wp\/v2\/media\/30083"}],"wp:attachment":[{"href":"https:\/\/car4rent.fr\/fr\/wp-json\/wp\/v2\/media?parent=30814"}],"wp:term":[{"taxonomy":"product_brand","embeddable":true,"href":"https:\/\/car4rent.fr\/fr\/wp-json\/wp\/v2\/product_brand?post=30814"},{"taxonomy":"product_cat","embeddable":true,"href":"https:\/\/car4rent.fr\/fr\/wp-json\/wp\/v2\/product_cat?post=30814"},{"taxonomy":"product_tag","embeddable":true,"href":"https:\/\/car4rent.fr\/fr\/wp-json\/wp\/v2\/product_tag?post=30814"}],"curies":[{"name":"wp","href":"https:\/\/api.w.org\/{rel}","templated":true}]}}

<h2>Louer une Porsche 992</h2>
<p>Chez Car4rent, vous pouvez louer une Porsche 992 à un prix abordable, que ce soit pour une journée ou pour une location à long terme. Quelle que soit l&rsquo;occasion, offrez-vous ce modèle emblématique et savourez l&rsquo;émotion de découvrir les routes côtières de la Côte d&rsquo;Azur, le vent dans les cheveux. Le cabriolet Porsche 992 est l&rsquo;une des voitures de sport à toit ouvert les plus maniables, avec un châssis brillant et un moteur turbocompressé, combinés à un intérieur 2+2 biplace de grande classe et à un extérieur très esthétique. Les modèles Porsche sont très recherchés.</p>
<h2>Louer une Porsche 911</h2>
<p>La Porsche 911 est une voiture de sport emblématique, et la location d&rsquo;une Porsche 911 Carrera 992 4S Cabriolet vous met au volant d&rsquo;une incroyable supercar décapotable au charme infini. La voiture se comporte brillamment, avec un équilibre parfait et des niveaux d&rsquo;adhérence incroyables. La Carrera 4S à quatre roues motrices est dotée d&rsquo;un puissant moteur de 3,0 litres développant 450 ch et conçu pour la conduite de tous les jours.</p>
<h4>A la découverte de la Côte d&rsquo;Azur</h4>
<p>La <a href="https://cotedazurfrance.fr/decouvrir/les-spots-incontournables/top-12-des-lieux-incontournables-a-visiter-sur-la-cote-dazur/" target="_blank" rel="noopener">Côte d’Azur</a> a toujours fait rêver. Que ce soit en France ou à l’étranger, la French Riviera comme l’appelle les anglo-saxons est réputée pour ses paysages, mais également pour son glamour. Elle inclut une grande partie de la région Paca (Provence Alpes Côte d’Azur), mais également la magnifique principauté de Monaco.</p>
<p>Alors qu&rsquo;il séjournait dans sa villa azuréenne en 1887, c’est un écrivain dijonnais qui décida de lui donner ce nom. C’est en regardant la mer qu’il eu l’idée d’intituler son livre <em>Côte</em>, en hommage à sa région, la Côte-d’Or, et <em>d’Azur</em>, dont la signification est « de couleur bleu » en héraldique. Ce nom lui allait et lui va toujours comme un gant !</p>
<div class="p402_premium">
<div class="container_widget">
<div class="bouton-voir-sidepanel">
<h4 class="widget-inside-intext" data-dyg-affi-id="GenVoy" data-dyg-id="widget-doyoogo-monu-1-cta" data-dyg-category="cta" data-dyg-type="link" data-dyg-provider-ids="[]" data-dyg-format="3" data-dyg-custom-options="{ &quot;withSidePanel&quot;: true, &quot;class&quot;: &quot;bouton_dyg_inside&quot;, &quot;title&quot;: &quot;En voir plus&quot; }" data-dyg-locale="fr" data-dyg-currency-iso="EUR" data-dyg-address="Cannes,France" data-dyg-tag-ids="[]" data-dyg-search="vol">Parcourir le Boulevard de la Croisettte à Cannes</h4>
</div>
</div>
<p>Qui ne connait pas cette ville emblématique et la Croisette ? Entre son festival, ses salons et ses nombreuses boutiques luxueuses, Cannes s&rsquo;est forgée une fameuse réputation. Cependant le luxe, les strass et les paillettes ne sont pas les seuls atouts de la cité balnéaire. Son littoral bordé de restaurants de plage ainsi que son centre-ville vous feront vivre des moments inoiubliables. Vous prendrez plaisir à vous balader en bord de mer ou dans les rues commerçantes du centre-ville. La vieille ville, appelée « le Suquet » et son château est également très agréable à visiter. Pour les adeptes du shopping, la ville offre également de nombreux atouts. De nombreuses boutiques y sont concentrées</p>
</div>
<h3>Louer une Porsche 911 type 992 Carrera</h3>
<p>Car4rent offre un niveau de service imbattable à ses clients pour la location de voitures de prestige sur la Côte d&rsquo;Azur et la Riviera italienne dei Fiori entre Bordighera et Saint-Tropez. Notre équipe amicale et compétente est prête à vous fournir un service qui réponde à vos besoins.</p>
<p>Vous souhaitez louer une porsche 911, n&rsquo;hésitez pas à faire appel à notre équipe.</p>

<p>Louer une Porsche 992 Cabriolet sur la Côte d&rsquo;Azur à un prix abordable avec Car4rent.</p>
