{"id":30501,"date":"2023-02-21T11:24:13","date_gmt":"2023-02-21T10:24:13","guid":{"rendered":"https:\/\/car4rent.fr\/luxury-car-rental\/audi-a5-cabriolet\/"},"modified":"2024-10-06T11:52:02","modified_gmt":"2024-10-06T09:52:02","slug":"louer-une-audi-a5-cabriolet","status":"publish","type":"product","link":"https:\/\/car4rent.fr\/fr\/luxury-car-rental\/louer-une-audi-a5-cabriolet\/","title":{"rendered":"Louer une Audi A5 Cabriolet"},"content":{"rendered":"<h2>Louer une Audi A5 Cabriolet sur la C\u00f4te d&rsquo;Azur \u00e0 un prix abordable<\/h2>\n<p>Louer une Audi A5 Cabriolet sur la C\u00f4te d&rsquo;Azur \u00e0 un prix abordable est votre meilleure option. D\u00e9couvrez le fantastique bord de mer sur la route de la Provence. Louer une Audi A5 Cabriolet vous permettra d&rsquo;arriver avec style o\u00f9 que vous alliez. Les performances et la beaut\u00e9 de ce v\u00e9hicule brilleront toujours.<\/p>\n<p>Qualifi\u00e9e de \u00ab\u00a0meilleure voiture jamais con\u00e7ue\u00a0\u00bb par le c\u00e9l\u00e8bre designer italien Walter De Silva, l&rsquo;Audi A5 Cabriolet offre un bon niveau de performances. Le moteur de 2,0 litres d\u00e9veloppe 194 ch. Le design est discret, sportif et \u00e9l\u00e9gant. L&rsquo;\u00e9l\u00e9gance se m\u00eale \u00e0 l&rsquo;attention m\u00e9ticuleuse port\u00e9e par Audi \u00e0 l&rsquo;excellence de la production, ce qui rend la voiture d\u00e9capotable d\u00e9licieuse \u00e0 conduire.<\/p>\n<p>Le cabriolet A5 est l&rsquo;un des cabriolets quatre places des plus confortables sur le march\u00e9 de la location, offrant une exp\u00e9rience de conduite en douceur.<\/p>\n<p><img loading=\"lazy\" decoding=\"async\" class=\"alignnone wp-image-25097\" src=\"https:\/\/car4rent.fr\/wp-content\/uploads\/Audi-A5-Convertible-rental.jpg\" alt=\"Location de l&#039;Audi A5 Cabriolet\" width=\"208\" height=\"91\" title=\"Car4Rent Cannes\" srcset=\"https:\/\/car4rent.fr\/wp-content\/uploads\/\/Audi-A5-Convertible-rental.jpg 782w, https:\/\/car4rent.fr\/wp-content\/uploads\/\/Audi-A5-Convertible-rental-300x131.jpg 300w, https:\/\/car4rent.fr\/wp-content\/uploads\/\/Audi-A5-Convertible-rental-768x336.jpg 768w, https:\/\/car4rent.fr\/wp-content\/uploads\/\/Audi-A5-Convertible-rental-705x308.jpg 705w, https:\/\/car4rent.fr\/wp-content\/uploads\/\/Audi-A5-Convertible-rental-450x197.jpg 450w\" sizes=\"auto, (max-width: 208px) 100vw, 208px\" \/><\/p>\n<h3>LE PARC NATIONAL DU MERCANTOUR<\/h3>\n<p>Avec ses lacs datant de l&rsquo;\u00e9poque glaciaire et ses sommets de plus de 3000m, le Mercantour constitue, \u00e0 \u00e0 peine une heure de la mer, l\u2019un des lieux incontournables d\u2019une visite sur la C\u00f4te d\u2019Azur !<\/p>\n<h3>A la d\u00e9couverte de l\u2019incontournable et grandiose Vall\u00e9e des Merveilles !<\/h3>\n<p>Au sein d\u2019une nature pr\u00e9serv\u00e9e, l\u2019arri\u00e8re-pays ni\u00e7ois est un v\u00e9ritable havre de paix. Le caract\u00e8re affirm\u00e9 des 7 vall\u00e9es qui composent le Parc du Mercantour vous plaira \u00e0 coup s\u00fbr : <a href=\"https:\/\/www.mercantour-parcnational.fr\/fr\/des-decouvertes\/destination-parc-national-du-mercantour\/les-vallees-du-parc\/les-vallees-de-la-roya\" target=\"_blank\" rel=\"noopener\">La Roya<\/a>, le Verdon, l&rsquo;Ubaye, <a href=\"https:\/\/www.mercantour-parcnational.fr\/fr\/des-decouvertes\/destination-parc-national-du-mercantour\/les-vallees-du-parc\/vallee-de-la-tinee\" target=\"_blank\" rel=\"noopener\">la Tin\u00e9e<\/a>, la <a href=\"https:\/\/provence-alpes-cotedazur.com\/decouvrir\/espaces-naturels\/vallee-vesubie\/\" target=\"_blank\" rel=\"noopener\">V\u00e9subie<\/a>, Cians, B\u00e9v\u00e9ra et le <a href=\"https:\/\/www.visitcuneese.it\/fr\/dettaglio-localita\/-\/d\/provala-valle-gesso-parcourir-une-vallee-de-rois\" target=\"_blank\" rel=\"noopener\">Val Gesso<\/a> en Italie vous offrent l\u2019embarras du choix pour des escapades inoubliables, en randonn\u00e9e ou \u00e0 ski. Le Mercantour abrite une faune et une flore d\u2019une richesse et d\u2019une diversit\u00e9 rare \u00e0 l\u2019\u00e9chelle mondiale: des oliviers aux alpages, des for\u00eats de m\u00e9l\u00e8zes aux cimes enneig\u00e9es, profitez en pour les parcourir.<\/p>\n<h2>La location d&rsquo;une Audi A5 Cabriolet r\u00e9pond \u00e0 vos besoins<\/h2>\n<p>Cette voiture d\u00e9capotable \u00e0 quatre places est parfaite pour les r\u00e9unions d&rsquo;affaires ou les voyages en famille. Alors, am\u00e9liorez vos vacances en profitant de chaque trajet, long ou court, gr\u00e2ce \u00e0 notre service de location de cabriolets Audi A5.<\/p>\n<h4>Un grand choix de voitures de sport et de luxe<\/h4>\n<p>Chez Car4rent, nous sommes sp\u00e9cialis\u00e9s dans la location de voitures de sport et de luxe parmi les marques les plus prestigieuses comme Ferrari, Lamborghini, Porsche, Land Rover, Mercedes AMG, Bentley, Rolls-Royce et autres audi et BMW, toutes ces marques synonymes d&rsquo;agililt\u00e9, de performances et de s\u00e9curit\u00e9, en un mot d&rsquo;Excellence.<\/p>\n<p>La location dun cabriolet Audi vous int\u00e9resse, n&rsquo;h\u00e9sitez pas \u00e0 prendre <a href=\"https:\/\/car4rent.fr\/fr\/contact\/\" target=\"_blank\" rel=\"noopener\">contact<\/a> avec nous et l&rsquo;un des membres de notre \u00e9quipe organisera tout pour vous.<\/p>\n","protected":false},"excerpt":{"rendered":"<p>Louer une Audi A5 Cabriolet sur la C\u00f4te d&rsquo;Azur \u00e0 un prix abordable Louer une Audi A5 Cabriolet sur la C\u00f4te d&rsquo;Azur \u00e0 un prix abordable est votre meilleure option. D\u00e9couvrez le fantastique bord de mer sur la route de la Provence. Louer une Audi A5 Cabriolet vous permettra d&rsquo;arriver avec style o\u00f9 que vous [&hellip;]<\/p>\n","protected":false},"featured_media":30089,"comment_status":"open","ping_status":"closed","template":"","meta":{"_acf_changed":false},"product_brand":[],"product_cat":[5411],"product_tag":[],"class_list":{"0":"post-30501","1":"product","2":"type-product","3":"status-publish","4":"has-post-thumbnail","6":"product_cat-decapotable","8":"first","9":"instock","10":"shipping-taxable","11":"purchasable","12":"product-type-variable","13":"has-default-attributes"},"acf":[],"_links":{"self":[{"href":"https:\/\/car4rent.fr\/fr\/wp-json\/wp\/v2\/product\/30501","targetHints":{"allow":["GET"]}}],"collection":[{"href":"https:\/\/car4rent.fr\/fr\/wp-json\/wp\/v2\/product"}],"about":[{"href":"https:\/\/car4rent.fr\/fr\/wp-json\/wp\/v2\/types\/product"}],"replies":[{"embeddable":true,"href":"https:\/\/car4rent.fr\/fr\/wp-json\/wp\/v2\/comments?post=30501"}],"wp:featuredmedia":[{"embeddable":true,"href":"https:\/\/car4rent.fr\/fr\/wp-json\/wp\/v2\/media\/30089"}],"wp:attachment":[{"href":"https:\/\/car4rent.fr\/fr\/wp-json\/wp\/v2\/media?parent=30501"}],"wp:term":[{"taxonomy":"product_brand","embeddable":true,"href":"https:\/\/car4rent.fr\/fr\/wp-json\/wp\/v2\/product_brand?post=30501"},{"taxonomy":"product_cat","embeddable":true,"href":"https:\/\/car4rent.fr\/fr\/wp-json\/wp\/v2\/product_cat?post=30501"},{"taxonomy":"product_tag","embeddable":true,"href":"https:\/\/car4rent.fr\/fr\/wp-json\/wp\/v2\/product_tag?post=30501"}],"curies":[{"name":"wp","href":"https:\/\/api.w.org\/{rel}","templated":true}]}}

<h2>Louer une Audi A5 Cabriolet sur la Côte d&rsquo;Azur à un prix abordable</h2>
<p>Louer une Audi A5 Cabriolet sur la Côte d&rsquo;Azur à un prix abordable est votre meilleure option. Découvrez le fantastique bord de mer sur la route de la Provence. Louer une Audi A5 Cabriolet vous permettra d&rsquo;arriver avec style où que vous alliez. Les performances et la beauté de ce véhicule brilleront toujours.</p>
<p>Qualifiée de « meilleure voiture jamais conçue » par le célèbre designer italien Walter De Silva, l&rsquo;Audi A5 Cabriolet offre un bon niveau de performances. Le moteur de 2,0 litres développe 194 ch. Le design est discret, sportif et élégant. L&rsquo;élégance se mêle à l&rsquo;attention méticuleuse portée par Audi à l&rsquo;excellence de la production, ce qui rend la voiture décapotable délicieuse à conduire.</p>
<p>Le cabriolet A5 est l&rsquo;un des cabriolets quatre places des plus confortables sur le marché de la location, offrant une expérience de conduite en douceur.</p>
<p><img loading="lazy" decoding="async" class="alignnone wp-image-25097" src="https://car4rent.fr/wp-content/uploads/Audi-A5-Convertible-rental.jpg" alt="Location de l&#039;Audi A5 Cabriolet" width="208" height="91" title="Car4Rent Cannes" srcset="https://car4rent.fr/wp-content/uploads//Audi-A5-Convertible-rental.jpg 782w, https://car4rent.fr/wp-content/uploads//Audi-A5-Convertible-rental-300x131.jpg 300w, https://car4rent.fr/wp-content/uploads//Audi-A5-Convertible-rental-768x336.jpg 768w, https://car4rent.fr/wp-content/uploads//Audi-A5-Convertible-rental-705x308.jpg 705w, https://car4rent.fr/wp-content/uploads//Audi-A5-Convertible-rental-450x197.jpg 450w" sizes="auto, (max-width: 208px) 100vw, 208px" /></p>
<h3>LE PARC NATIONAL DU MERCANTOUR</h3>
<p>Avec ses lacs datant de l&rsquo;époque glaciaire et ses sommets de plus de 3000m, le Mercantour constitue, à à peine une heure de la mer, l’un des lieux incontournables d’une visite sur la Côte d’Azur !</p>
<h3>A la découverte de l’incontournable et grandiose Vallée des Merveilles !</h3>
<p>Au sein d’une nature préservée, l’arrière-pays niçois est un véritable havre de paix. Le caractère affirmé des 7 vallées qui composent le Parc du Mercantour vous plaira à coup sûr : <a href="https://www.mercantour-parcnational.fr/fr/des-decouvertes/destination-parc-national-du-mercantour/les-vallees-du-parc/les-vallees-de-la-roya" target="_blank" rel="noopener">La Roya</a>, le Verdon, l&rsquo;Ubaye, <a href="https://www.mercantour-parcnational.fr/fr/des-decouvertes/destination-parc-national-du-mercantour/les-vallees-du-parc/vallee-de-la-tinee" target="_blank" rel="noopener">la Tinée</a>, la <a href="https://provence-alpes-cotedazur.com/decouvrir/espaces-naturels/vallee-vesubie/" target="_blank" rel="noopener">Vésubie</a>, Cians, Bévéra et le <a href="https://www.visitcuneese.it/fr/dettaglio-localita/-/d/provala-valle-gesso-parcourir-une-vallee-de-rois" target="_blank" rel="noopener">Val Gesso</a> en Italie vous offrent l’embarras du choix pour des escapades inoubliables, en randonnée ou à ski. Le Mercantour abrite une faune et une flore d’une richesse et d’une diversité rare à l’échelle mondiale: des oliviers aux alpages, des forêts de mélèzes aux cimes enneigées, profitez en pour les parcourir.</p>
<h2>La location d&rsquo;une Audi A5 Cabriolet répond à vos besoins</h2>
<p>Cette voiture décapotable à quatre places est parfaite pour les réunions d&rsquo;affaires ou les voyages en famille. Alors, améliorez vos vacances en profitant de chaque trajet, long ou court, grâce à notre service de location de cabriolets Audi A5.</p>
<h4>Un grand choix de voitures de sport et de luxe</h4>
<p>Chez Car4rent, nous sommes spécialisés dans la location de voitures de sport et de luxe parmi les marques les plus prestigieuses comme Ferrari, Lamborghini, Porsche, Land Rover, Mercedes AMG, Bentley, Rolls-Royce et autres audi et BMW, toutes ces marques synonymes d&rsquo;agililté, de performances et de sécurité, en un mot d&rsquo;Excellence.</p>
<p>La location dun cabriolet Audi vous intéresse, n&rsquo;hésitez pas à prendre <a href="https://car4rent.fr/fr/contact/" target="_blank" rel="noopener">contact</a> avec nous et l&rsquo;un des membres de notre équipe organisera tout pour vous.</p>

<p>Louer une Audi A5 Cabriolet sur la Côte d&rsquo;Azur à un prix abordable Louer une Audi A5 Cabriolet sur la Côte d&rsquo;Azur à un prix abordable est votre meilleure option. Découvrez le fantastique bord de mer sur la route de la Provence. Louer une Audi A5 Cabriolet vous permettra d&rsquo;arriver avec style où que vous [&hellip;]</p>
