{"id":30155,"date":"2023-11-10T16:56:12","date_gmt":"2023-11-10T15:56:12","guid":{"rendered":"https:\/\/car4rent.fr\/fixation-des-prix\/"},"modified":"2025-10-15T20:27:44","modified_gmt":"2025-10-15T18:27:44","slug":"prix","status":"publish","type":"page","link":"https:\/\/car4rent.fr\/fr\/prix\/","title":{"rendered":"Prix"},"content":{"rendered":"\n<style type=\"text\/css\" data-created_by=\"avia_inline_auto\" id=\"style-css-av-4wc42-568a924625af3d50b1fbafe53fb170ff\">\n.avia-section.av-4wc42-568a924625af3d50b1fbafe53fb170ff .av-parallax .av-parallax-inner{\nbackground-repeat:no-repeat;\nbackground-image:url(https:\/\/car4rent.fr\/wp-content\/uploads\/lamborghini_low-1024x683-1-1024x423.jpg);\nbackground-position:0% 0%;\nbackground-attachment:scroll;\n}\n.avia-section.av-4wc42-568a924625af3d50b1fbafe53fb170ff .av-section-color-overlay{\nopacity:0.6;\nbackground-color:#111111;\n}\n<\/style>\n<div id='av_section_1'  class='avia-section av-4wc42-568a924625af3d50b1fbafe53fb170ff main_color avia-section-huge avia-no-border-styling  avia-builder-el-0  el_before_av_section  avia-builder-el-first  av-parallax-section avia-bg-style-parallax av-section-color-overlay-active av-minimum-height av-minimum-height-custom av-height-custom  container_wrap fullsize'  data-section-bg-repeat='no-repeat' data-av_minimum_height_px='350'><div class='av-parallax' data-avia-parallax-ratio='0.3' ><div class='av-parallax-inner main_color avia-full-stretch'><\/div><\/div><div class=\"av-section-color-overlay-wrap\"><div class=\"av-section-color-overlay\"><\/div><div class='container av-section-cont-open' style='height:350px'><main  class='template-page content  av-content-full alpha units'><div class='post-entry post-entry-type-page post-entry-30155'><div class='entry-content-wrapper clearfix'>\n\n<style type=\"text\/css\" data-created_by=\"avia_inline_auto\" id=\"style-css-av-l6gjy2xu-2d13ca23b805bea510fecfb54247161b\">\n#top .av-special-heading.av-l6gjy2xu-2d13ca23b805bea510fecfb54247161b{\npadding-bottom:5px;\nfont-size:40px;\n}\nbody .av-special-heading.av-l6gjy2xu-2d13ca23b805bea510fecfb54247161b .av-special-heading-tag .heading-char{\nfont-size:25px;\n}\n#top #wrap_all .av-special-heading.av-l6gjy2xu-2d13ca23b805bea510fecfb54247161b .av-special-heading-tag{\nfont-size:40px;\n}\n.av-special-heading.av-l6gjy2xu-2d13ca23b805bea510fecfb54247161b .av-subheading{\nfont-size:15px;\n}\n\n@media only screen and (min-width: 480px) and (max-width: 767px){ \n#top #wrap_all .av-special-heading.av-l6gjy2xu-2d13ca23b805bea510fecfb54247161b .av-special-heading-tag{\nfont-size:0.8em;\n}\n}\n\n@media only screen and (max-width: 479px){ \n#top #wrap_all .av-special-heading.av-l6gjy2xu-2d13ca23b805bea510fecfb54247161b .av-special-heading-tag{\nfont-size:0.8em;\n}\n}\n<\/style>\n<div  class='av-special-heading av-l6gjy2xu-2d13ca23b805bea510fecfb54247161b av-special-heading-h2 blockquote modern-quote modern-centered  avia-builder-el-1  avia-builder-el-no-sibling  av-inherit-size'><h2 class='av-special-heading-tag '  >Nos prix d\u00e9taill\u00e9s pour tous nos v\u00e9hicules<\/h2><div class=\"special-heading-border\"><div class=\"special-heading-inner-border\"><\/div><\/div><\/div>\n\n<\/div><\/div><\/main><!-- close content main element --><\/div><\/div><\/div>\n<style type=\"text\/css\" data-created_by=\"avia_inline_auto\" id=\"style-css-av-3vdse-77f00f92a3a54498cc702d2135305749\">\n.avia-section.av-3vdse-77f00f92a3a54498cc702d2135305749{\nbackground-color:#f2f2f2;\nbackground-image:unset;\n}\n<\/style>\n<div id='av_section_2'  class='avia-section av-3vdse-77f00f92a3a54498cc702d2135305749 main_color avia-section-default avia-shadow  avia-builder-el-2  el_after_av_section  el_before_av_section  avia-bg-style-scroll container_wrap fullsize'  ><div class='container av-section-cont-open' ><div class='template-page content  av-content-full alpha units'><div class='post-entry post-entry-type-page post-entry-30155'><div class='entry-content-wrapper clearfix'>\n<section  class='av_textblock_section av-l830qj6m-5242668482d2844e098ac1d69f95938a '  ><div class='avia_textblock' ><p>[product_table columns=\u00a0\u00bbimage:Voiture,name:Mod\u00e8le, cf:one_three_days:1 &#8211; 3 jours, cf:four_six_days:4 &#8211; 6 jours, cf:seven_add_days:7 &#8211; X jours, cf:km_j_day:KM par jour, cf:km_supp_extra_km_fee:Suppl\u00e9ment par km, cf:full_deductible:Franchise compl\u00e8te, cf:low_deductible:Franchise r\u00e9duite, cf:low_daily_fee:Frais journalier r\u00e9duit\u00a0\u00bb responsive=\u00a0\u00bbcollapse\u00a0\u00bb]<\/p>\n<\/div><\/section>\n\n<\/div><\/div><\/div><!-- close content main div --><\/div><\/div>\n<style type=\"text\/css\" data-created_by=\"avia_inline_auto\" id=\"style-css-av-2imru-3ff6a8f881298957921692c080b239df\">\n.avia-section.av-2imru-3ff6a8f881298957921692c080b239df{\nbackground-color:#6834bd;\nbackground-image:unset;\n}\n<\/style>\n<div id='av_section_3'  class='avia-section av-2imru-3ff6a8f881298957921692c080b239df main_color avia-section-default avia-shadow  avia-builder-el-4  el_after_av_section  el_before_av_sidebar  avia-bg-style-scroll container_wrap fullsize'  ><div class='container av-section-cont-open' ><div class='template-page content  av-content-full alpha units'><div class='post-entry post-entry-type-page post-entry-30155'><div class='entry-content-wrapper clearfix'>\n\n<style type=\"text\/css\" data-created_by=\"avia_inline_auto\" id=\"style-css-av-21f92-4d48e586a7f7f20dcd98b556059db830\">\n#top .av-special-heading.av-21f92-4d48e586a7f7f20dcd98b556059db830{\npadding-bottom:5px;\nfont-size:30px;\n}\nbody .av-special-heading.av-21f92-4d48e586a7f7f20dcd98b556059db830 .av-special-heading-tag .heading-char{\nfont-size:25px;\n}\n#top #wrap_all .av-special-heading.av-21f92-4d48e586a7f7f20dcd98b556059db830 .av-special-heading-tag{\nfont-size:30px;\n}\n.av-special-heading.av-21f92-4d48e586a7f7f20dcd98b556059db830 .av-subheading{\nfont-size:15px;\n}\n\n@media only screen and (min-width: 480px) and (max-width: 767px){ \n#top #wrap_all .av-special-heading.av-21f92-4d48e586a7f7f20dcd98b556059db830 .av-special-heading-tag{\nfont-size:0.8em;\n}\n}\n\n@media only screen and (max-width: 479px){ \n#top #wrap_all .av-special-heading.av-21f92-4d48e586a7f7f20dcd98b556059db830 .av-special-heading-tag{\nfont-size:0.8em;\n}\n}\n<\/style>\n<div  class='av-special-heading av-21f92-4d48e586a7f7f20dcd98b556059db830 av-special-heading-h3 blockquote modern-quote modern-centered  avia-builder-el-5  el_before_av_one_full  avia-builder-el-first  av-inherit-size'><h3 class='av-special-heading-tag '  >Une question sur nos voitures ? Vous souhaitez r\u00e9server une voiture ?<\/h3><div class=\"special-heading-border\"><div class=\"special-heading-inner-border\"><\/div><\/div><\/div>\n<div  class='flex_column av-av_one_full-2a9015ff38129c418a3f2eafba3e9512 av_one_full  avia-builder-el-6  el_after_av_heading  avia-builder-el-last  first flex_column_div  '     ><section  class='av_textblock_section av-lt38482z-6a0d9766f9da3e61241a915cb314b323 '  ><div class='avia_textblock' ><p>Nous proposons une large gamme de SUV, cabriolets, voitures de sport et de luxe \u00e0 la location.<br \/>\nD\u00e9couvrez notre collection de voitures de r\u00eave, \u00e0 partir de <strong>210 \u20ac\/jour<\/strong>.  <\/p>\n<p>Retrait et restitution disponibles \u00e0 <a href=\"https:\/\/www.nice.aeroport.fr\/fr\" target=\"_blank\" rel=\"noopener\">l\u2019a\u00e9roport de Nice<\/a> ou \u00e0 tout autre point de rendez-vous hors a\u00e9roport.<br \/>\nNotre \u00e9quipe d\u00e9vou\u00e9e est \u00e0 votre service et vous appr\u00e9cierez notre approche enti\u00e8rement personnalis\u00e9e.<\/p>\n<\/div><\/section><\/div>\n<\/div><\/div><\/div><!-- close content main div --><\/div><\/div><div id='after_section_3'  class='main_color av_default_container_wrap container_wrap fullsize'  ><div class='container av-section-cont-open' ><div class='template-page content  av-content-full alpha units'><div class='post-entry post-entry-type-page post-entry-30155'><div class='entry-content-wrapper clearfix'>\n<div  class='avia-builder-widget-area clearfix  avia-builder-el-8  el_after_av_section  avia-builder-el-no-sibling '><div id=\"text-9\" class=\"widget clearfix widget_text\">\t\t\t<div class=\"textwidget\"><p style=\"text-align: center;\">    <div class=\"car4rent-share-block car4rent-fr\">\n        <a href=\"https:\/\/www.facebook.com\/sharer\/sharer.php?u=\" target=\"_blank\" rel=\"noopener\"><i class=\"fa-brands fa-facebook\"><\/i> Partager<\/a>\n        <a href=\"https:\/\/x.com\/intent\/tweet?url=&amp;text=\" target=\"_blank\" rel=\"noopener\"><i class=\"fa-brands fa-x-twitter\"><\/i> X<\/a>\n        <a href=\"https:\/\/wa.me\/?text=%20\" target=\"_blank\" rel=\"noopener\"><i class=\"fa-brands fa-whatsapp\"><\/i> WhatsApp<\/a>\n        <a href=\"https:\/\/www.instagram.com\/car4rent_cannes\/\" target=\"_blank\" rel=\"noopener\"><i class=\"fa-brands fa-instagram\"><\/i> Instagram<\/a>\n        <a href=\"https:\/\/www.linkedin.com\/company\/car4rent\/about\/\" target=\"_blank\" rel=\"noopener\"><i class=\"fa-brands fa-linkedin\"><\/i> LinkedIn<\/a>\n        <a href=\"https:\/\/www.youtube.com\/@car4rentcannes839\" target=\"_blank\" rel=\"noopener\"><i class=\"fa-brands fa-youtube\"><\/i> YouTube<\/a>\n    <\/div>\n    <\/p>\n<\/div>\n\t\t<\/div><\/div>\n","protected":false},"excerpt":{"rendered":"","protected":false},"author":3,"featured_media":29205,"parent":0,"menu_order":3,"comment_status":"closed","ping_status":"closed","template":"","meta":{"_acf_changed":false,"footnotes":""},"class_list":["post-30155","page","type-page","status-publish","has-post-thumbnail","hentry"],"acf":[],"_links":{"self":[{"href":"https:\/\/car4rent.fr\/fr\/wp-json\/wp\/v2\/pages\/30155","targetHints":{"allow":["GET"]}}],"collection":[{"href":"https:\/\/car4rent.fr\/fr\/wp-json\/wp\/v2\/pages"}],"about":[{"href":"https:\/\/car4rent.fr\/fr\/wp-json\/wp\/v2\/types\/page"}],"author":[{"embeddable":true,"href":"https:\/\/car4rent.fr\/fr\/wp-json\/wp\/v2\/users\/3"}],"replies":[{"embeddable":true,"href":"https:\/\/car4rent.fr\/fr\/wp-json\/wp\/v2\/comments?post=30155"}],"version-history":[{"count":0,"href":"https:\/\/car4rent.fr\/fr\/wp-json\/wp\/v2\/pages\/30155\/revisions"}],"wp:featuredmedia":[{"embeddable":true,"href":"https:\/\/car4rent.fr\/fr\/wp-json\/wp\/v2\/media\/29205"}],"wp:attachment":[{"href":"https:\/\/car4rent.fr\/fr\/wp-json\/wp\/v2\/media?parent=30155"}],"curies":[{"name":"wp","href":"https:\/\/api.w.org\/{rel}","templated":true}]}}

<style type="text/css" data-created_by="avia_inline_auto" id="style-css-av-4wc42-568a924625af3d50b1fbafe53fb170ff">
.avia-section.av-4wc42-568a924625af3d50b1fbafe53fb170ff .av-parallax .av-parallax-inner{
background-repeat:no-repeat;
background-image:url(https://car4rent.fr/wp-content/uploads/lamborghini_low-1024x683-1-1024x423.jpg);
background-position:0% 0%;
background-attachment:scroll;
}
.avia-section.av-4wc42-568a924625af3d50b1fbafe53fb170ff .av-section-color-overlay{
opacity:0.6;
background-color:#111111;
}
</style>
<div id='av_section_1'  class='avia-section av-4wc42-568a924625af3d50b1fbafe53fb170ff main_color avia-section-huge avia-no-border-styling  avia-builder-el-0  el_before_av_section  avia-builder-el-first  av-parallax-section avia-bg-style-parallax av-section-color-overlay-active av-minimum-height av-minimum-height-custom av-height-custom  container_wrap fullsize'  data-section-bg-repeat='no-repeat' data-av_minimum_height_px='350'><div class='av-parallax' data-avia-parallax-ratio='0.3' ><div class='av-parallax-inner main_color avia-full-stretch'></div></div><div class="av-section-color-overlay-wrap"><div class="av-section-color-overlay"></div><div class='container av-section-cont-open' style='height:350px'><main  class='template-page content  av-content-full alpha units'><div class='post-entry post-entry-type-page post-entry-30155'><div class='entry-content-wrapper clearfix'>

<style type="text/css" data-created_by="avia_inline_auto" id="style-css-av-l6gjy2xu-2d13ca23b805bea510fecfb54247161b">
#top .av-special-heading.av-l6gjy2xu-2d13ca23b805bea510fecfb54247161b{
padding-bottom:5px;
font-size:40px;
}
body .av-special-heading.av-l6gjy2xu-2d13ca23b805bea510fecfb54247161b .av-special-heading-tag .heading-char{
font-size:25px;
}
#top #wrap_all .av-special-heading.av-l6gjy2xu-2d13ca23b805bea510fecfb54247161b .av-special-heading-tag{
font-size:40px;
}
.av-special-heading.av-l6gjy2xu-2d13ca23b805bea510fecfb54247161b .av-subheading{
font-size:15px;
}

@media only screen and (min-width: 480px) and (max-width: 767px){ 
#top #wrap_all .av-special-heading.av-l6gjy2xu-2d13ca23b805bea510fecfb54247161b .av-special-heading-tag{
font-size:0.8em;
}
}

@media only screen and (max-width: 479px){ 
#top #wrap_all .av-special-heading.av-l6gjy2xu-2d13ca23b805bea510fecfb54247161b .av-special-heading-tag{
font-size:0.8em;
}
}
</style>
<div  class='av-special-heading av-l6gjy2xu-2d13ca23b805bea510fecfb54247161b av-special-heading-h2 blockquote modern-quote modern-centered  avia-builder-el-1  avia-builder-el-no-sibling  av-inherit-size'><h2 class='av-special-heading-tag '  >Nos prix détaillés pour tous nos véhicules</h2><div class="special-heading-border"><div class="special-heading-inner-border"></div></div></div>

</div></div></main><!-- close content main element --></div></div></div>
<style type="text/css" data-created_by="avia_inline_auto" id="style-css-av-3vdse-77f00f92a3a54498cc702d2135305749">
.avia-section.av-3vdse-77f00f92a3a54498cc702d2135305749{
background-color:#f2f2f2;
background-image:unset;
}
</style>
<div id='av_section_2'  class='avia-section av-3vdse-77f00f92a3a54498cc702d2135305749 main_color avia-section-default avia-shadow  avia-builder-el-2  el_after_av_section  el_before_av_section  avia-bg-style-scroll container_wrap fullsize'  ><div class='container av-section-cont-open' ><div class='template-page content  av-content-full alpha units'><div class='post-entry post-entry-type-page post-entry-30155'><div class='entry-content-wrapper clearfix'>
<section  class='av_textblock_section av-l830qj6m-5242668482d2844e098ac1d69f95938a '  ><div class='avia_textblock' ><p>[product_table columns= »image:Voiture,name:Modèle, cf:one_three_days:1 &#8211; 3 jours, cf:four_six_days:4 &#8211; 6 jours, cf:seven_add_days:7 &#8211; X jours, cf:km_j_day:KM par jour, cf:km_supp_extra_km_fee:Supplément par km, cf:full_deductible:Franchise complète, cf:low_deductible:Franchise réduite, cf:low_daily_fee:Frais journalier réduit » responsive= »collapse »]</p>
</div></section>

</div></div></div><!-- close content main div --></div></div>
<style type="text/css" data-created_by="avia_inline_auto" id="style-css-av-2imru-3ff6a8f881298957921692c080b239df">
.avia-section.av-2imru-3ff6a8f881298957921692c080b239df{
background-color:#6834bd;
background-image:unset;
}
</style>
<div id='av_section_3'  class='avia-section av-2imru-3ff6a8f881298957921692c080b239df main_color avia-section-default avia-shadow  avia-builder-el-4  el_after_av_section  el_before_av_sidebar  avia-bg-style-scroll container_wrap fullsize'  ><div class='container av-section-cont-open' ><div class='template-page content  av-content-full alpha units'><div class='post-entry post-entry-type-page post-entry-30155'><div class='entry-content-wrapper clearfix'>

<style type="text/css" data-created_by="avia_inline_auto" id="style-css-av-21f92-4d48e586a7f7f20dcd98b556059db830">
#top .av-special-heading.av-21f92-4d48e586a7f7f20dcd98b556059db830{
padding-bottom:5px;
font-size:30px;
}
body .av-special-heading.av-21f92-4d48e586a7f7f20dcd98b556059db830 .av-special-heading-tag .heading-char{
font-size:25px;
}
#top #wrap_all .av-special-heading.av-21f92-4d48e586a7f7f20dcd98b556059db830 .av-special-heading-tag{
font-size:30px;
}
.av-special-heading.av-21f92-4d48e586a7f7f20dcd98b556059db830 .av-subheading{
font-size:15px;
}

@media only screen and (min-width: 480px) and (max-width: 767px){ 
#top #wrap_all .av-special-heading.av-21f92-4d48e586a7f7f20dcd98b556059db830 .av-special-heading-tag{
font-size:0.8em;
}
}

@media only screen and (max-width: 479px){ 
#top #wrap_all .av-special-heading.av-21f92-4d48e586a7f7f20dcd98b556059db830 .av-special-heading-tag{
font-size:0.8em;
}
}
</style>
<div  class='av-special-heading av-21f92-4d48e586a7f7f20dcd98b556059db830 av-special-heading-h3 blockquote modern-quote modern-centered  avia-builder-el-5  el_before_av_one_full  avia-builder-el-first  av-inherit-size'><h3 class='av-special-heading-tag '  >Une question sur nos voitures ? Vous souhaitez réserver une voiture ?</h3><div class="special-heading-border"><div class="special-heading-inner-border"></div></div></div>
<div  class='flex_column av-av_one_full-2a9015ff38129c418a3f2eafba3e9512 av_one_full  avia-builder-el-6  el_after_av_heading  avia-builder-el-last  first flex_column_div  '     ><section  class='av_textblock_section av-lt38482z-6a0d9766f9da3e61241a915cb314b323 '  ><div class='avia_textblock' ><p>Nous proposons une large gamme de SUV, cabriolets, voitures de sport et de luxe à la location.<br />
Découvrez notre collection de voitures de rêve, à partir de <strong>210 €/jour</strong>.  </p>
<p>Retrait et restitution disponibles à <a href="https://www.nice.aeroport.fr/fr" target="_blank" rel="noopener">l’aéroport de Nice</a> ou à tout autre point de rendez-vous hors aéroport.<br />
Notre équipe dévouée est à votre service et vous apprécierez notre approche entièrement personnalisée.</p>
</div></section></div>
</div></div></div><!-- close content main div --></div></div><div id='after_section_3'  class='main_color av_default_container_wrap container_wrap fullsize'  ><div class='container av-section-cont-open' ><div class='template-page content  av-content-full alpha units'><div class='post-entry post-entry-type-page post-entry-30155'><div class='entry-content-wrapper clearfix'>
<div  class='avia-builder-widget-area clearfix  avia-builder-el-8  el_after_av_section  avia-builder-el-no-sibling '><div id="text-9" class="widget clearfix widget_text">			<div class="textwidget"><p style="text-align: center;">    <div class="car4rent-share-block car4rent-fr">
        <a href="https://www.facebook.com/sharer/sharer.php?u=" target="_blank" rel="noopener"><i class="fa-brands fa-facebook"></i> Partager</a>
        <a href="https://x.com/intent/tweet?url=&amp;text=" target="_blank" rel="noopener"><i class="fa-brands fa-x-twitter"></i> X</a>
        <a href="https://wa.me/?text=%20" target="_blank" rel="noopener"><i class="fa-brands fa-whatsapp"></i> WhatsApp</a>
        <a href="https://www.instagram.com/car4rent_cannes/" target="_blank" rel="noopener"><i class="fa-brands fa-instagram"></i> Instagram</a>
        <a href="https://www.linkedin.com/company/car4rent/about/" target="_blank" rel="noopener"><i class="fa-brands fa-linkedin"></i> LinkedIn</a>
        <a href="https://www.youtube.com/@car4rentcannes839" target="_blank" rel="noopener"><i class="fa-brands fa-youtube"></i> YouTube</a>
    </div>
    </p>
</div>
		</div></div>
